{"id":16,"date":"2011-01-23T10:00:05","date_gmt":"2011-01-23T09:00:05","guid":{"rendered":"http:\/\/www.ingerlundmark.nu\/?page_id=16"},"modified":"2026-04-16T17:57:26","modified_gmt":"2026-04-16T16:57:26","slug":"kontakt","status":"publish","type":"page","link":"https:\/\/www.ingerlundmark.nu\/","title":{"rendered":"Kontakt"},"content":{"rendered":"\n<p><strong>Liten varning.. <\/strong> M\u00e5nga \u00e4r nyfikna p\u00e5 Hypnos, n\u00e5gra har blivit det efter att ha sett filmen Hypnosen, med Asta Kamma August. Det finns sk &#8221;hypnotis\u00f6rer&#8221;, eller &#8221;hypnoterapeuter&#8221; utan erforderlig utbildning, som erbjuder alla m\u00f6jliga hypnosbehandlingar, trots att de inte har Socialstyrelsens godk\u00e4nnande. F\u00f6r att f\u00e5 arbeta med hypnos i behandling kr\u00e4vs att du har ett leg. v\u00e5rdyrke och att du arbetar under <strong>patients\u00e4kerhetslagen<\/strong>, inom ramen f\u00f6r ditt yrkesmandat, yrkesomr\u00e5de. (En del tar dessutom hutl\u00f6st betalt. )<\/p>\n\n\n\n<p>S\u00e5, var r\u00e4dd om dig. Kolla att din behandlare \u00e4r leg. psykoterapeut, psykolog, l\u00e4kare, fysioterapeut etc. Den l\u00e5nga adekvata utbildningen borgar inte bara f\u00f6r att behandlaren vet vad den ska g\u00f6ra, utan \u00e4ven vad den INTE ska g\u00f6ra&#8230; <\/p>\n\n\n<p><strong>F\u00f6r information och tidsbest\u00e4llning, v\u00e4nligen maila kortfattad beskrivning av ditt hj\u00e4lpbehov: <\/strong><br \/>E-post: <a href=\"mailto:inger.slussen@gmail.com\"><strong>inger.slussen@gmail.com<\/strong> <\/a><\/p>\n<p><strong>Tel: <\/strong><a href=\"mailto:inger.slussen@gmail.com\"><strong>070 593 24 76\u00a0 <\/strong><\/a><\/p>\n<p><a href=\"mailto:inger.slussen@gmail.com\"><strong>(oftast sv\u00e5rt att svara i telefon, mail \u00e4r b\u00e4ttre)<\/strong><\/a><\/p>\n<p><strong>APPEN: Hypnos &amp; H\u00e4lsa<\/strong> 2.0 &#8211; gratis att ladda ner och provlyssna i hypnosbiblioteket. 19 olika hypnosprogram v\u00e4ntar dig i samma app!\u00a0\u00a0\u00a0\u00a0\u00a0\u00a0\u00a0\u00a0\u00a0\u00a0\u00a0 Ladda ner ett sp\u00e5r f\u00f6r 90 kr. (N\u00e4r du laddat ner den \u00e4r den din, inga prenumerationer!)\u00a0\u00a0\u00a0\u00a0\u00a0\u00a0\u00a0\u00a0\u00a0\u00a0\u00a0\u00a0\u00a0\u00a0\u00a0\u00a0\u00a0\u00a0\u00a0\u00a0\u00a0\u00a0\u00a0\u00a0\u00a0\u00a0\u00a0\u00a0\u00a0\u00a0\u00a0\u00a0\u00a0\u00a0\u00a0\u00a0\u00a0\u00a0\u00a0\u00a0\u00a0\u00a0\u00a0\u00a0\u00a0\u00a0\u00a0\u00a0\u00a0\u00a0\u00a0\u00a0\u00a0\u00a0\u00a0\u00a0\u00a0\u00a0\u00a0\u00a0\u00a0\u00a0\u00a0\u00a0\u00a0\u00a0\u00a0\u00a0\u00a0\u00a0\u00a0\u00a0\u00a0\u00a0\u00a0\u00a0\u00a0\u00a0\u00a0\u00a0\u00a0\u00a0\u00a0\u00a0\u00a0\u00a0\u00a0\u00a0\u00a0\u00a0\u00a0\u00a0\u00a0\u00a0\u00a0\u00a0\u00a0\u00a0\u00a0\u00a0\u00a0\u00a0\u00a0\u00a0\u00a0\u00a0 Ps. En g\u00e5ng om \u00e5ret g\u00f6r servern en uppdatering, d\u00e5 kan dina program f\u00f6rsvinna. <strong>G\u00f6r s\u00e5h\u00e4r<\/strong>: 1. Testa att tryck p\u00e5 knappen <strong>synkronisera k\u00f6p<\/strong>, som finns <span style=\"text-decoration: underline;\">under rubriken Om appen<\/span>, d\u00e5 kommer de tillbaka.\u00a0\u00a0\u00a0\u00a0\u00a0\u00a0\u00a0\u00a0\u00a0\u00a0\u00a0\u00a0\u00a0\u00a0\u00a0\u00a0\u00a0\u00a0\u00a0\u00a0\u00a0\u00a0\u00a0\u00a0\u00a0\u00a0\u00a0\u00a0\u00a0\u00a0\u00a0\u00a0\u00a0\u00a0\u00a0\u00a0\u00a0\u00a0 2. Om inte det r\u00e4cker, avinstallera och \u00e5terinstallera appen, tryck sen p\u00e5 knappen <strong>synkronisera k\u00f6p<\/strong>, som finns under rubriken Om appen, d\u00e5 kommer de tillbaka.<\/p>\n<p><strong>Inger Lundmark<\/strong><br \/>Aukt. Dramapedagog (RAD)\u00a0 Fil. Kand.<br \/>Leg. Psykoterapeut\u00a0 Familjeterapeut <br \/>Cert. Hypnosterapeut (ASCH)\u00a0 L\u00e4rare i klinisk hypnos (CHP) Psykoterapihandledare<\/p>\n<p>Mottagning p\u00e5 S\u00f6dermalm\u00a0<strong>\u00a0<a href=\"http:\/\/www.slussenpsykoterapi.se\">SLUSSEN Hypnos &amp; Psykoterapi\u00a0<\/a><\/strong><a href=\"http:\/\/www.slussenpsykoterapi.se\"> \u00a0\u00a0\u00a0\u00a0 _______<\/a> \u00a0\u00a0\u00a0\u00a0 Pustegr\u00e4nd 6 (vid Hornsgatspuckeln)\u00a0\u00a0\u00a0\u00a0\u00a0\u00a0 118 20 Stockholm<\/p>\n<p>Ordf\u00f6rande i CHP &#8211; Centrum f\u00f6r Hypnos och Psykoterapi.\u00a0<\/p>\n<p>Medlem i SFKH &#8211; Svenska F\u00f6reningen f\u00f6r Klinisk Hypnos samt ESH- European Society of Clinical Hypnosis.<\/p>\n<p>Medlem i Familjeterapif\u00f6reningen.<\/p>\n<p><strong>UR: 1.<\/strong> Inger medverkar i &#8221;<strong>Jag och min \u00e5ngest&#8221;, avsnitt 4<\/strong>, s\u00e4song 2. S\u00e4nds ht-2025,vt 26.<\/p>\n<p><strong>UR 2<\/strong>. Inger medverkar i <strong>UR&#8217;s serie Att orka h\u00e5lla ihop.\u00a0 Vt-2026\u00a0 \u00a0 \u00a0 \u00a0 \u00a0 \u00a0 \u00a0 \u00a0 \u00a0 \u00a0 <\/strong>https:\/\/urplay.se\/serie\/244216-att-orka-halla-ihop<\/p>\n<p>&nbsp;<\/p>\n<p><strong>Lyssna p\u00e5 Kropp &amp; Sj\u00e4l i P1, Om hypnos, s\u00e4ndes 22 sep 2020<\/strong>.\u00a0\u00a0\u00a0\u00a0\u00a0\u00a0\u00a0\u00a0\u00a0\u00a0\u00a0\u00a0\u00a0\u00a0\u00a0 Inger Lundmark leg.psykoterapeut, Pregrad Petrovic specialistl\u00e4kare i psykiatri och docent vid <em>Karolinska<\/em> Institutet, forskare inom kognitiv neurovetenskap samt Dr. Perjohan Lindfors Specialist inom gastroenterologi och hepatologi, samtalar om klinisk hypnos i behandlingsarbete.<\/p>\n<p>Inger medverkade i <strong>Nyhetsmorgon, tv 4, om hypnos, 2020.<\/strong><\/p>\n<p>&nbsp;<\/p>\n\n\n<p><\/p>\n","protected":false},"excerpt":{"rendered":"<p>Liten varning.. M\u00e5nga \u00e4r nyfikna p\u00e5 Hypnos, n\u00e5gra har blivit det efter att ha sett filmen Hypnosen, med Asta Kamma August. Det finns sk &#8221;hypnotis\u00f6rer&#8221;, eller &#8221;hypnoterapeuter&#8221; utan erforderlig utbildning, som erbjuder alla m\u00f6jliga hypnosbehandlingar, trots att de inte har &hellip; <a href=\"https:\/\/www.ingerlundmark.nu\/\">L\u00e4s mer <span class=\"meta-nav\">&rarr;<\/span><\/a><\/p>\n","protected":false},"author":1,"featured_media":0,"parent":0,"menu_order":0,"comment_status":"closed","ping_status":"closed","template":"","meta":{"footnotes":""},"class_list":["post-16","page","type-page","status-publish","hentry"],"_links":{"self":[{"href":"https:\/\/www.ingerlundmark.nu\/index.php?rest_route=\/wp\/v2\/pages\/16","targetHints":{"allow":["GET"]}}],"collection":[{"href":"https:\/\/www.ingerlundmark.nu\/index.php?rest_route=\/wp\/v2\/pages"}],"about":[{"href":"https:\/\/www.ingerlundmark.nu\/index.php?rest_route=\/wp\/v2\/types\/page"}],"author":[{"embeddable":true,"href":"https:\/\/www.ingerlundmark.nu\/index.php?rest_route=\/wp\/v2\/users\/1"}],"replies":[{"embeddable":true,"href":"https:\/\/www.ingerlundmark.nu\/index.php?rest_route=%2Fwp%2Fv2%2Fcomments&post=16"}],"version-history":[{"count":55,"href":"https:\/\/www.ingerlundmark.nu\/index.php?rest_route=\/wp\/v2\/pages\/16\/revisions"}],"predecessor-version":[{"id":1128,"href":"https:\/\/www.ingerlundmark.nu\/index.php?rest_route=\/wp\/v2\/pages\/16\/revisions\/1128"}],"wp:attachment":[{"href":"https:\/\/www.ingerlundmark.nu\/index.php?rest_route=%2Fwp%2Fv2%2Fmedia&parent=16"}],"curies":[{"name":"wp","href":"https:\/\/api.w.org\/{rel}","templated":true}]}}