{"id":217,"date":"2011-04-06T21:07:37","date_gmt":"2011-04-06T20:07:37","guid":{"rendered":"http:\/\/www.ingerlundmark.nu\/?page_id=217"},"modified":"2026-04-16T12:17:33","modified_gmt":"2026-04-16T11:17:33","slug":"aktuellt","status":"publish","type":"page","link":"https:\/\/www.ingerlundmark.nu\/?page_id=217","title":{"rendered":"Aktuellt"},"content":{"rendered":"\n<p>Inger medverkar i UR\u00b4s serie Att orka h\u00e5lla ihop.                                                                           <a href=\"https:\/\/urplay.se\/serie\/244216-att-orka-halla-ihop\">https:\/\/urplay.se\/serie\/244216-att-orka-halla-ihop<\/a><\/p>\n\n\n<p><strong>Appen Hypnos &amp; H\u00e4lsa<\/strong>\u00a0 <strong>&#8211; 19 olika h\u00e4rliga hypnossp\u00e5r!<\/strong>\u00a0 \u00a0 \u00a0 \u00a0 \u00a0 \u00a0 \u00a0 \u00a0 \u00a0 \u00a0 \u00a0 \u00a0 \u00a0 \u00a0 \u00a0 \u00a0 \u00a0 \u00a0 \u00a0 \u00a0 \u00a0 \u00a0 \u00a0 \u00a0 \u00a0&#8211; gratis att ladda ner och provlyssna i hypnosbiblioteket.\u00a0 \u00a0 \u00a0 \u00a0 \u00a0 \u00a0 \u00a0 \u00a0 \u00a0 \u00a0 \u00a0 \u00a0 \u00a0 \u00a0 \u00a0 \u00a0 \u00a0 \u00a0 \u00a0 \u00a0 \u00a0 \u00a0 \u00a0 \u00a0 \u00a0 \u00a0 \u00a0 Spara ner ett ljudsp\u00e5r f\u00f6r 90 kr.\u00a0 \u00a0 \u00a0 \u00a0 \u00a0 \u00a0 \u00a0 \u00a0 \u00a0 \u00a0 \u00a0 \u00a0 \u00a0 \u00a0 \u00a0 \u00a0 \u00a0 \u00a0 \u00a0 \u00a0 \u00a0 \u00a0 \u00a0 \u00a0 \u00a0 \u00a0 \u00a0 \u00a0 \u00a0 \u00a0 \u00a0 \u00a0 \u00a0 \u00a0 \u00a0 \u00a0 \u00a0 \u00a0 \u00a0 \u00a0 \u00a0 \u00a0 \u00a0 \u00a0 \u00a0 \u00a0 \u00a0 \u00a0 \u00a0 \u00a0 \u00a0N\u00e4r du sparat ner ett sp\u00e5r \u00e4r det ditt. Inga prenumerationer!<\/p>\n<p>Nytt \u00e4r tex: Sluta \u00e4lta, sl\u00e4pp det! \u00a0 \u00a0 \u00a0 \u00a0 \u00a0 \u00a0 \u00a0 \u00a0 \u00a0 \u00a0 \u00a0 \u00a0 \u00a0 \u00a0 \u00a0 \u00a0 \u00a0 \u00a0 \u00a0 \u00a0 \u00a0 \u00a0 \u00a0 \u00a0 \u00a0 \u00a0 \u00a0 \u00a0 \u00a0 \u00a0 \u00a0 \u00a0 \u00a0 \u00a0 \u00a0 \u00a0 \u00a0 \u00a0 \u00a0 \u00a0 \u00a0 \u00a0 \u00a0 \u00a0 \u00a0 \u00a0 \u00a0 \u00a0 \u00a0 \u00a0\u00a0\u00a0\u00a0 Tr\u00e4det, st\u00e5 rak \u00e4ven om det bl\u00e5ser. \u00a0 \u00a0 \u00a0 \u00a0 \u00a0 \u00a0 \u00a0 \u00a0 \u00a0 \u00a0 \u00a0 \u00a0 \u00a0 \u00a0 \u00a0 \u00a0 \u00a0 \u00a0 \u00a0 \u00a0 \u00a0 \u00a0 \u00a0 \u00a0 \u00a0 \u00a0 \u00a0 \u00a0 \u00a0 \u00a0 \u00a0 \u00a0 \u00a0 \u00a0 \u00a0 \u00a0 \u00a0 \u00a0 \u00a0 \u00a0 Sj\u00e4lvomsorg, ge dig sj\u00e4lv mer av det du beh\u00f6ver.\u00a0 \u00a0 \u00a0 \u00a0 \u00a0 \u00a0 \u00a0 \u00a0 \u00a0 \u00a0 \u00a0 \u00a0 \u00a0 \u00a0 \u00a0 \u00a0 \u00a0 \u00a0 \u00a0 \u00a0 \u00a0 \u00a0 \u00a0 \u00a0 \u00a0 \u00a0 \u00a0 \u00a0 \u00a0 \u00a0 \u00a0 \u00a0 \u00a0 \u00a0 \u00a0 \u00a0 \u00a0 \u00a0 \u00a0Separation, sagan om slottet som sprack. mm.\u00a0 <img loading=\"lazy\" decoding=\"async\" class=\"alignleft size-full wp-image-1082\" src=\"https:\/\/www.ingerlundmark.nu\/wp-content\/uploads\/2024\/01\/apptips-2022.-55-x-85.jpg\" alt=\"\" width=\"650\" height=\"1004\" srcset=\"https:\/\/www.ingerlundmark.nu\/wp-content\/uploads\/2024\/01\/apptips-2022.-55-x-85.jpg 650w, https:\/\/www.ingerlundmark.nu\/wp-content\/uploads\/2024\/01\/apptips-2022.-55-x-85-194x300.jpg 194w\" sizes=\"auto, (max-width: 650px) 100vw, 650px\" \/>\u00a0 \u00a0 \u00a0 \u00a0 \u00a0 \u00a0 \u00a0 \u00a0 \u00a0 \u00a0 \u00a0 \u00a0 \u00a0 \u00a0 \u00a0 \u00a0 \u00a0 \u00a0 \u00a0 \u00a0 \u00a0 \u00a0 \u00a0 \u00a0 \u00a0 \u00a0 \u00a0 \u00a0 \u00a0 \u00a0 \u00a0 \u00a0 \u00a0 \u00a0 \u00a0 \u00a0 \u00a0 \u00a0 \u00a0 \u00a0 \u00a0 \u00a0 \u00a0 \u00a0 \u00a0 \u00a0 \u00a0<\/p>\n<p><!--more-->En g\u00e5ng om \u00e5ret uppdateras servern (via apple och google, out of my control),\u00a0\u00a0\u00a0\u00a0\u00a0\u00a0 d\u00e5 kan det h\u00e4nda att dina program f\u00f6rsvinner. <strong>Don\u00b4t worry, g\u00f6r s\u00e5h\u00e4r;\u00a0\u00a0\u00a0\u00a0\u00a0\u00a0\u00a0\u00a0\u00a0\u00a0<\/strong>\u00a0\u00a0\u00a0\u00a0\u00a0\u00a0\u00a0\u00a0\u00a0\u00a0\u00a0\u00a0 1. G\u00e5 till rubriken &#8221;Om appen&#8221;, d\u00e4r finns en knapp med <strong>SYNKRONISERA K\u00d6P,<\/strong> tryck p\u00e5 den, s\u00e5 kommer dina k\u00f6pta program tillbaka.\u00a0\u00a0\u00a0\u00a0\u00a0\u00a0\u00a0\u00a0\u00a0\u00a0\u00a0\u00a0\u00a0\u00a0\u00a0\u00a0\u00a0\u00a0\u00a0\u00a0\u00a0\u00a0\u00a0\u00a0\u00a0\u00a0\u00a0\u00a0\u00a0\u00a0\u00a0\u00a0\u00a0\u00a0\u00a0\u00a0\u00a0\u00a0\u00a0\u00a0\u00a0\u00a0\u00a0\u00a0\u00a0\u00a0\u00a0\u00a0\u00a0\u00a0 Om det inte hj\u00e4lper:\u00a0\u00a0\u00a0\u00a0\u00a0\u00a0\u00a0\u00a0\u00a0\u00a0\u00a0\u00a0\u00a0\u00a0\u00a0\u00a0\u00a0\u00a0\u00a0\u00a0\u00a0\u00a0\u00a0\u00a0\u00a0\u00a0\u00a0\u00a0\u00a0\u00a0\u00a0\u00a0\u00a0\u00a0\u00a0\u00a0\u00a0\u00a0\u00a0\u00a0\u00a0\u00a0\u00a0\u00a0\u00a0\u00a0\u00a0\u00a0\u00a0\u00a0\u00a0\u00a0\u00a0\u00a0\u00a0\u00a0\u00a0\u00a0\u00a0\u00a0\u00a0\u00a0\u00a0\u00a0\u00a0\u00a0\u00a0\u00a0\u00a0\u00a0\u00a0\u00a0\u00a0\u00a0\u00a0\u00a0\u00a0\u00a0\u00a0\u00a0\u00a0\u00a0\u00a0\u00a0\u00a0\u00a0\u00a0\u00a0\u00a0\u00a0\u00a0\u00a0\u00a0\u00a0\u00a0\u00a0\u00a0\u00a0\u00a0\u00a0\u00a0\u00a0\u00a0\u00a0\u00a0\u00a0\u00a0\u00a0\u00a0\u00a0\u00a0 2. Avinstallera och \u00e5terinstallera appen, tryck sen p\u00e5 knappen synkronisera k\u00f6p. Funkar!<\/p>\n<p>&nbsp;<\/p>\n<p>Inger arbetar som leg.psykoterapeut, handledare med individer, par och familjer p\u00e5 Slussen Hypnos &amp; Psykoterapi, Pustegr\u00e4nd 6 i Stockholm.<\/p>\n<p>Inger undervisar p\u00e5 CHP grundkurs + fors\u00e4ttningskurs i klinisk hypnos under 2025-2026. Hon handleder psykoterapeuter och familjebehandlare och f\u00f6rel\u00e4ser om bl.a om hur en kan arbeta med sexuella symptom i parterapi. Och om andra inom psykoterapi f\u00f6rekommande \u00e4mnen.\u00a0<\/p>\n<p>Inger medverkar vid Europeiska Hypnosf\u00f6reningens kongress i Glasgow aug 2026.\u00a0<\/p>\n<p><strong>Grundkurs klinisk hypnos<\/strong> avslutad okt -25. (F\u00f6r intresseanm\u00e4lan till n\u00e4sta grundkurs, maila inger.slussen@gmail.com)<\/p>\n<p><strong>Forts\u00e4ttningsutbildning,<\/strong> traumafokuserad hypnosutbildning, startad okt-25, avslutas nov -26.\u00a0<\/p>\n<p><strong>Hypnoshandledningsgrupper<\/strong> p\u00e5g\u00e5r kontinuerligt, on all levels.\u00a0<\/p>\n<p><strong><span style=\"text-decoration: underline;\">Lyssna till\/se Inger i media:<\/span> UR-program, <\/strong>Parterapi- s\u00e4nds vt-26.<\/p>\n<p>&#8211; UR: Min \u00c5ngest, s\u00e4nds ht-25.\u00a0 \u00a0 \u00a0 \u00a0 \u00a0 \u00a0 \u00a0 \u00a0 \u00a0 \u00a0 \u00a0 \u00a0 \u00a0 \u00a0 \u00a0 \u00a0 \u00a0 \u00a0https:\/\/www.svtplay.se\/video\/85ddv7a\/min-angest-och-jag\/4-daniel-larsson-bipolar-1?video=visa<\/p>\n<p>Inger medverkar i <strong>Malou<\/strong> efter tio, <strong>om hypnos och sm\u00e4rtbehandling. <\/strong><a href=\"https:\/\/tv4play.se\/program\/malou-efter-tio\/12620259\">https:\/\/tv4play.se\/program\/malou-efter-tio\/12620259<\/a><\/p>\n<p>Inger i <strong>Nyhetsmorgon i TV4<\/strong>, <strong>Om hypnos<\/strong>. 2020.<\/p>\n<p><strong>Lyssna p\u00e5 Kropp &amp; Sj\u00e4l i P1, Om hypnos, s\u00e4ndes 22 sep 2020<\/strong>. Inger Lundmark \u00e4r en av de intervjuade, tillsammans med Predrag<span class=\"st\"> Petrovic Psykiater och forskare inom kognitiv neurovetenskap, samt Dr. Perjohan Lindfors Specialist inom gastroenterologi och hepatologi.<\/span><\/p>\n<p><strong>CHP-dag mars 2026 <\/strong>Annica Carlsson g\u00e4star oss och f\u00f6rel\u00e4ser om \u00e4tst\u00f6rningar och hypnos. Det blir \u00e4ven body-mind-hypnos \u00f6vningar.\u00a0<\/p>\n<p><strong>CHP-dag 12 dec -25<\/strong> Olivia Wronski g\u00e4star oss och bjuder p\u00e5 r\u00f6relseterapi + hypnos, + tip-tapping m Inger.<\/p>\n<p><strong>CHP-dagar 25+26 okt<\/strong> <strong>2024<\/strong> Stefan Hammel g\u00e4star oss, workshop, sagor i terapi + partsmodel med par.<\/p>\n<p><strong>CHP-dag 23 oktober<\/strong>, Gruppens kraft, hypnos i par och familjeterapi, med Inger, Tua Westerlind och Ir\u00e9ne Lainio.<\/p>\n<p><strong>Sep -22.<\/strong> Kv\u00e4llsf\u00f6rel\u00e4sning p\u00e5 Familjeterapif\u00f6reningen, hypnos i par och familjeterapi.<\/p>\n<p><strong>Sep-22.<\/strong> Metaforer i handledning i socialt arbete, interaktiv f\u00f6rel\u00e4sning Marie Cederschi\u00f6ld h\u00f6gskola (fd. Ersta.)<\/p>\n<p><strong>Beroendeproblematik<\/strong> &#8211; Masterclass utbildning oktober 2021. <a href=\"https:\/\/www.ingerlundmark.nu\/?page_id=1028\">https:\/\/www.ingerlundmark.nu\/?page_id=1028<\/a><\/p>\n<p>&nbsp;<\/p>\n<p>&nbsp;<\/p>\n\n\n<p><\/p>\n","protected":false},"excerpt":{"rendered":"<p>Inger medverkar i UR\u00b4s serie Att orka h\u00e5lla ihop. https:\/\/urplay.se\/serie\/244216-att-orka-halla-ihop Appen Hypnos &amp; H\u00e4lsa\u00a0 &#8211; 19 olika h\u00e4rliga hypnossp\u00e5r!\u00a0 \u00a0 \u00a0 \u00a0 \u00a0 \u00a0 \u00a0 \u00a0 \u00a0 \u00a0 \u00a0 \u00a0 \u00a0 \u00a0 \u00a0 \u00a0 \u00a0 \u00a0 \u00a0 \u00a0 \u00a0 \u00a0 &hellip; <a href=\"https:\/\/www.ingerlundmark.nu\/?page_id=217\">L\u00e4s mer <span class=\"meta-nav\">&rarr;<\/span><\/a><\/p>\n","protected":false},"author":1,"featured_media":0,"parent":0,"menu_order":0,"comment_status":"closed","ping_status":"closed","template":"","meta":{"footnotes":""},"class_list":["post-217","page","type-page","status-publish","hentry"],"_links":{"self":[{"href":"https:\/\/www.ingerlundmark.nu\/index.php?rest_route=\/wp\/v2\/pages\/217","targetHints":{"allow":["GET"]}}],"collection":[{"href":"https:\/\/www.ingerlundmark.nu\/index.php?rest_route=\/wp\/v2\/pages"}],"about":[{"href":"https:\/\/www.ingerlundmark.nu\/index.php?rest_route=\/wp\/v2\/types\/page"}],"author":[{"embeddable":true,"href":"https:\/\/www.ingerlundmark.nu\/index.php?rest_route=\/wp\/v2\/users\/1"}],"replies":[{"embeddable":true,"href":"https:\/\/www.ingerlundmark.nu\/index.php?rest_route=%2Fwp%2Fv2%2Fcomments&post=217"}],"version-history":[{"count":43,"href":"https:\/\/www.ingerlundmark.nu\/index.php?rest_route=\/wp\/v2\/pages\/217\/revisions"}],"predecessor-version":[{"id":1124,"href":"https:\/\/www.ingerlundmark.nu\/index.php?rest_route=\/wp\/v2\/pages\/217\/revisions\/1124"}],"wp:attachment":[{"href":"https:\/\/www.ingerlundmark.nu\/index.php?rest_route=%2Fwp%2Fv2%2Fmedia&parent=217"}],"curies":[{"name":"wp","href":"https:\/\/api.w.org\/{rel}","templated":true}]}}