{"id":415,"date":"2015-09-08T07:35:19","date_gmt":"2015-09-08T06:35:19","guid":{"rendered":"http:\/\/www.ingerlundmark.nu\/?page_id=415"},"modified":"2023-02-18T11:07:23","modified_gmt":"2023-02-18T10:07:23","slug":"hypnosens-dag","status":"publish","type":"page","link":"https:\/\/www.ingerlundmark.nu\/?page_id=415","title":{"rendered":"Hypnosens dag"},"content":{"rendered":"<p><strong>HYPNOSENS DAG<br \/>\n<\/strong><\/p>\n<p>Vid 4 tillf\u00e4llen har CHP genomf\u00f6rt Hypnosens Dag i Stockholm. Allm\u00e4nheten och behandlare v\u00e4lkomnas till en sp\u00e4nnande dag om den kliniska hypnosens m\u00e5nga m\u00f6jligheter! <strong>Vi bjuder p\u00e5 information, demonstrationer, f\u00f6rel\u00e4sningar. <\/strong>F\u00f6rmedling av seri\u00f6sa hypnosterapeuter.<\/p>\n<p>Planen \u00e4r att g\u00f6ra det igen, men i skrivande stund finns inget datum spikat.<\/p>\n","protected":false},"excerpt":{"rendered":"<p>HYPNOSENS DAG Vid 4 tillf\u00e4llen har CHP genomf\u00f6rt Hypnosens Dag i Stockholm. Allm\u00e4nheten och behandlare v\u00e4lkomnas till en sp\u00e4nnande dag om den kliniska hypnosens m\u00e5nga m\u00f6jligheter! Vi bjuder p\u00e5 information, demonstrationer, f\u00f6rel\u00e4sningar. F\u00f6rmedling av seri\u00f6sa hypnosterapeuter. Planen \u00e4r att g\u00f6ra &hellip; <a href=\"https:\/\/www.ingerlundmark.nu\/?page_id=415\">L\u00e4s mer <span class=\"meta-nav\">&rarr;<\/span><\/a><\/p>\n","protected":false},"author":1,"featured_media":0,"parent":0,"menu_order":0,"comment_status":"closed","ping_status":"closed","template":"","meta":{"footnotes":""},"class_list":["post-415","page","type-page","status-publish","hentry"],"_links":{"self":[{"href":"https:\/\/www.ingerlundmark.nu\/index.php?rest_route=\/wp\/v2\/pages\/415","targetHints":{"allow":["GET"]}}],"collection":[{"href":"https:\/\/www.ingerlundmark.nu\/index.php?rest_route=\/wp\/v2\/pages"}],"about":[{"href":"https:\/\/www.ingerlundmark.nu\/index.php?rest_route=\/wp\/v2\/types\/page"}],"author":[{"embeddable":true,"href":"https:\/\/www.ingerlundmark.nu\/index.php?rest_route=\/wp\/v2\/users\/1"}],"replies":[{"embeddable":true,"href":"https:\/\/www.ingerlundmark.nu\/index.php?rest_route=%2Fwp%2Fv2%2Fcomments&post=415"}],"version-history":[{"count":7,"href":"https:\/\/www.ingerlundmark.nu\/index.php?rest_route=\/wp\/v2\/pages\/415\/revisions"}],"predecessor-version":[{"id":1059,"href":"https:\/\/www.ingerlundmark.nu\/index.php?rest_route=\/wp\/v2\/pages\/415\/revisions\/1059"}],"wp:attachment":[{"href":"https:\/\/www.ingerlundmark.nu\/index.php?rest_route=%2Fwp%2Fv2%2Fmedia&parent=415"}],"curies":[{"name":"wp","href":"https:\/\/api.w.org\/{rel}","templated":true}]}}