{"id":638,"date":"2014-08-20T08:31:43","date_gmt":"2014-08-20T07:31:43","guid":{"rendered":"http:\/\/www.ingerlundmark.nu\/?page_id=638"},"modified":"2017-02-04T19:20:04","modified_gmt":"2017-02-04T18:20:04","slug":"hitta-hit","status":"publish","type":"page","link":"https:\/\/www.ingerlundmark.nu\/?page_id=638","title":{"rendered":"Hitta hit"},"content":{"rendered":"<p><strong>Att ta sig till Slussen Hypnos &amp; Psykoterapi, Pustegr\u00e4nd 6, vid Hornsgatspuckeln: <\/strong>med T-bana, g\u00e5 upp p\u00e5 Hornsgatan, just d\u00e4r puckeln b\u00f6rjar g\u00e5r en trappa ner till S\u00f6der M\u00e4larstrand. det \u00e4r Pustegr\u00e4nd!\u00a0 Mottagningen ligger precis till v\u00e4nster b\u00e4r du kommit ner f\u00f6r f\u00f6rsta avsatsen. Portkod f\u00e5r du per mail eller sms&#8230;<\/p>\n<p>Slussen \u00e4r i privat regi men vi tar \u00e4ven emot uppdrag\u00a0 fr\u00e5n kommuner,\u00a0 landsting, f\u00f6rs\u00e4kringsbolag, kris &amp; traumacenter.<\/p>\n<p>V\u00e4l m\u00f6tt!<\/p>\n","protected":false},"excerpt":{"rendered":"<p>Att ta sig till Slussen Hypnos &amp; Psykoterapi, Pustegr\u00e4nd 6, vid Hornsgatspuckeln: med T-bana, g\u00e5 upp p\u00e5 Hornsgatan, just d\u00e4r puckeln b\u00f6rjar g\u00e5r en trappa ner till S\u00f6der M\u00e4larstrand. det \u00e4r Pustegr\u00e4nd!\u00a0 Mottagningen ligger precis till v\u00e4nster b\u00e4r du kommit &hellip; <a href=\"https:\/\/www.ingerlundmark.nu\/?page_id=638\">L\u00e4s mer <span class=\"meta-nav\">&rarr;<\/span><\/a><\/p>\n","protected":false},"author":1,"featured_media":0,"parent":0,"menu_order":0,"comment_status":"closed","ping_status":"closed","template":"","meta":{"footnotes":""},"class_list":["post-638","page","type-page","status-publish","hentry"],"_links":{"self":[{"href":"https:\/\/www.ingerlundmark.nu\/index.php?rest_route=\/wp\/v2\/pages\/638","targetHints":{"allow":["GET"]}}],"collection":[{"href":"https:\/\/www.ingerlundmark.nu\/index.php?rest_route=\/wp\/v2\/pages"}],"about":[{"href":"https:\/\/www.ingerlundmark.nu\/index.php?rest_route=\/wp\/v2\/types\/page"}],"author":[{"embeddable":true,"href":"https:\/\/www.ingerlundmark.nu\/index.php?rest_route=\/wp\/v2\/users\/1"}],"replies":[{"embeddable":true,"href":"https:\/\/www.ingerlundmark.nu\/index.php?rest_route=%2Fwp%2Fv2%2Fcomments&post=638"}],"version-history":[{"count":5,"href":"https:\/\/www.ingerlundmark.nu\/index.php?rest_route=\/wp\/v2\/pages\/638\/revisions"}],"predecessor-version":[{"id":892,"href":"https:\/\/www.ingerlundmark.nu\/index.php?rest_route=\/wp\/v2\/pages\/638\/revisions\/892"}],"wp:attachment":[{"href":"https:\/\/www.ingerlundmark.nu\/index.php?rest_route=%2Fwp%2Fv2%2Fmedia&parent=638"}],"curies":[{"name":"wp","href":"https:\/\/api.w.org\/{rel}","templated":true}]}}