{"id":842,"date":"2016-01-23T19:48:45","date_gmt":"2016-01-23T18:48:45","guid":{"rendered":"http:\/\/www.ingerlundmark.nu\/?page_id=842"},"modified":"2020-05-24T21:04:25","modified_gmt":"2020-05-24T20:04:25","slug":"handledning","status":"publish","type":"page","link":"https:\/\/www.ingerlundmark.nu\/?page_id=842","title":{"rendered":"Handledning"},"content":{"rendered":"<p>Inger \u00e4r utbildad psykoterapihandledare med examen 2017, inriktning mot psykoterapi och ledarskap\/organisation.<\/p>\n<p>Inger \u00e4r en erfaren gruppledare och konflikthanterare efter alla \u00e5r som <a href=\"http:\/\/www.ingerlundmark.nu\/?page_id=715\">dramapedagog<\/a>, l\u00e4rarfortbildare och hypnosutbildare p\u00e5 CHP.<\/p>\n<p>Tag <a href=\"http:\/\/www.ingerlundmark.nu\/\">kontakt<\/a> f\u00f6r mer info.<\/p>\n","protected":false},"excerpt":{"rendered":"<p>Inger \u00e4r utbildad psykoterapihandledare med examen 2017, inriktning mot psykoterapi och ledarskap\/organisation. Inger \u00e4r en erfaren gruppledare och konflikthanterare efter alla \u00e5r som dramapedagog, l\u00e4rarfortbildare och hypnosutbildare p\u00e5 CHP. Tag kontakt f\u00f6r mer info.<\/p>\n","protected":false},"author":1,"featured_media":0,"parent":0,"menu_order":0,"comment_status":"closed","ping_status":"closed","template":"","meta":{"footnotes":""},"class_list":["post-842","page","type-page","status-publish","hentry"],"_links":{"self":[{"href":"https:\/\/www.ingerlundmark.nu\/index.php?rest_route=\/wp\/v2\/pages\/842","targetHints":{"allow":["GET"]}}],"collection":[{"href":"https:\/\/www.ingerlundmark.nu\/index.php?rest_route=\/wp\/v2\/pages"}],"about":[{"href":"https:\/\/www.ingerlundmark.nu\/index.php?rest_route=\/wp\/v2\/types\/page"}],"author":[{"embeddable":true,"href":"https:\/\/www.ingerlundmark.nu\/index.php?rest_route=\/wp\/v2\/users\/1"}],"replies":[{"embeddable":true,"href":"https:\/\/www.ingerlundmark.nu\/index.php?rest_route=%2Fwp%2Fv2%2Fcomments&post=842"}],"version-history":[{"count":4,"href":"https:\/\/www.ingerlundmark.nu\/index.php?rest_route=\/wp\/v2\/pages\/842\/revisions"}],"predecessor-version":[{"id":997,"href":"https:\/\/www.ingerlundmark.nu\/index.php?rest_route=\/wp\/v2\/pages\/842\/revisions\/997"}],"wp:attachment":[{"href":"https:\/\/www.ingerlundmark.nu\/index.php?rest_route=%2Fwp%2Fv2%2Fmedia&parent=842"}],"curies":[{"name":"wp","href":"https:\/\/api.w.org\/{rel}","templated":true}]}}